t is 12104 (base 6) in base 8?
3350
-7004234 (base 8) to base 5
-432242322
What is -3869b4 (base 16) in base 12?
-12a3618
Convert 37697 (base 11) to base 9.
82150
Convert 311c54 (base 14) to base 9.
3105045
50302351 (base 7) to base 16
3f9d2d
Convert -124804 (base 15) to base 2.
-11010101110110011001
What is 264dd (base 14) in base 4?
113001003
Convert -123031010 (base 4) to base 16.
-1b344
-404133211 (base 5) to base 14
-306275
What is 19b143b (base 13) in base 3?
120222002222021
Convert 1461857 (base 10) to base 8.
5447141
What is 3132300431 (base 5) in base 7?
106314443
Convert 28984 (base 14) to base 7.
566324
12a2a47 (base 11) to base 8
10436634
What is 12323121202 (base 4) in base 16?
1bb662
What is 7704736 (base 9) in base 12?
1476096
1043646 (base 7) to base 6
2431230
Convert 102123 (base 5) to base 14.
135b
What is -48a65 (base 14) in base 10?
-177665
What is 34006610 (base 7) in base 3?
12112112211122
Convert -21c02b (base 13) to base 16.
-c2b6c
-3253142 (base 6) to base 14
-43422
e6883 (base 16) to base 11
595488
-9a9055 (base 11) to base 9
-3020564
What is 325530503 (base 6) in base 7?
100636065
-1221011211100 (base 3) to base 14
-1ca3d9
Convert -646a5 (base 13) to base 9.
-305627
-13203644 (base 8) to base 16
-2d07a4
What is 317a49 (base 16) in base 6?
153255521
Convert -1780617 (base 10) to base 13.
-4a4627
5893428 (base 11) to base 3
201100101220221
Convert -939570 (base 12) to base 10.
-2318052
What is -1e3436 (base 16) in base 4?
-13203100312
Convert -112232321120 (base 4) to base 7.
-101436632
Convert -430cc (base 14) to base 12.
-79964
10209d (base 16) to base 13
2b00cc
Convert 1010000110111011010111 (base 2) to base 8.
12067327
Convert -2022221102 (base 3) to base 7.
-250526
-460973a (base 12) to base 8
-63244336
-586514 (base 9) to base 12
-150011
What is -65772 (base 8) in base 16?
-6bfa
Convert 3421241 (base 8) to base 5.
214120434
558a1 (base 13) to base 11
a6728
363240 (base 8) to base 7
1026124
Convert a273781 (base 11) to base 3.
1021010212102210
What is -102a1a (base 12) in base 6?
-5234434
-3624414 (base 7) to base 3
-212101020100
Convert -1387237 (base 13) to base 7.
-103366615
Convert 2422387 (base 13) to base 14.
16b7d80
Convert -2bd0c (base 15) to base 5.
-14010222
-5a0c8b (base 14) to base 9
-5707125
What is 635461 (base 8) in base 11?
135110
6453433 (base 7) to base 9
1427631
What is -1215223 (base 7) in base 13?
-55a11
-173226 (base 9) to base 7
-624654
What is -2783425 (base 9) in base 12?
-61a17b
-4312030 (base 7) to base 4
-1333331131
What is -24b68 (base 14) in base 13?
-31cb5
1252015213 (base 6) to base 5
12310314002
What is 16256565 (base 7) in base 4?
12001012332
What is -59ea8 (base 15) in base 9?
-476375
What is 2325467 (base 9) in base 13?
3502c3
8c612c (base 13) to base 5
1322421330
What is 3230101 (base 4) in base 13?
6b62
What is 20222020001 (base 3) in base 13?
4a5c0
What is -1930698 (base 13) in base 6?
-452534500
Convert -210103220 (base 4) to base 15.
-2e0e2
-16a7688 (base 12) to base 8
-21732410
-313103 (base 8) to base 12
-5022b
Convert 54554b (base 13) to base 14.
398746
What is 23a883 (base 13) in base 7?
10145041
What is 2203612 (base 9) in base 3?
2020010200102
Convert -10000010010110001 (base 2) to base 7.
-365366
2023c02 (base 13) to base 7
145420221
1a8580 (base 16) to base 14
3335cc
Convert -23012310100 (base 4) to base 14.
-55b088
Convert -206d9d (base 14) to base 2.
-100001011010010001111
Convert -11000001001011011 (base 2) to base 13.
-36033
-330310212 (base 4) to base 11
-160199
What is 432221 (base 9) in base 10?
257518
What is 230000101 (base 4) in base 13?
64069
1243028 (base 11) to base 3
11001112211010
What is -3f03e3 (base 16) in base 3?
-21202210222012
What is 12220112110 (base 3) in base 10?
116301
What is 39272 (base 13) in base 12?
5133b
What is -407347 (base 8) in base 16?
-20ee7
What is -3001042 (base 5) in base 2?
-1011011110101110
-112120232112 (base 4) to base 16
-598b96
What is 9c0e34 (base 16) in base 3?
201020121011010
What is -1926bb (base 14) in base 10?
-890397
What is -270504 (base 8) in base 9?
-153605
Convert -34c973 (base 13) to base 3.
-2100211001022
What is 10110121222221 (base 3) in base 16?
1c1ede
2991128 (base 11) to base 8
23433310
What is -58ebc (base 15) in base 7?
-2260251
bdb5 (base 15) to base 3
2001011122
What is 5d80d (base 15) in base 10?
298813
240d6 (base 14) to base 3
11110201010
-3242653 (base 8) to base 12
-35b437
Convert -744a05 (base 13) to base 5.
-1144130103
Convert 10111100101010100 (base 2) to base 14.
272ba
Convert -23e81b (base 16) to base 10.
-2353179
Convert 5349377 (base 12) to base 13.
33645a0
Convert 112709 (base 10) to base 11.
77753
What is -61552633 (base 7) in base 2?
-10011101010110001101111
Convert -1323301 (base 5) to base 7.
-140563
What is 1010211120102 (base 3) in base 12?
2532a8
Convert -201100100202 (base 3) to base 12.
-164455
What is 391ca5 (base 13) in base 12?
563a74
-413624 (base 9) to base 10
-245452
Convert -1463435 (base 7) to base 5.
-22404114
-1625942 (base 11) to base 8
-12453633
-157756 (base 9) to base 12
-48573
Convert 87bc5b (base 16) to base 3.
121201221102220
What is -30653 (base 9) in base 15?
-5ecc
What is 213333233211 (base 4) in base 8?
47775745
What is 2391b (base 15) in base 14?
2d49c
1302331433 (base 5) to base 8
14052777
Convert -1289053 (base 11) to base 7.
-24615356
Convert -132424304 (base 5) to base 6.
-22212311
110000101001001010110 (base 2) to base 14
2d6c50
What is -195632 (base 11) in base 12?
-1258b8
Convert 47207 (base 12) to base 3.
11211202221
What is c319c2 (base 13) in base 5?
2130420300
-480344 (base 9) to base 5
-33221332
1e2c0f (base 16) to base 8
7426017
669435 (base 12) to base 16
18ed29
Convert -300301120102 (base 4) to base 7.
-213446356
Convert -563116 (base 7) to base 12.
-49724
351145400 (base 6) to base 9
13205410
672bc (base 16) to base 2
1100111001010111100
Convert 11010100001011111 (base 2) to base 12.
52a53
Convert -1065282 (base 9) to base 10.
-574688
What is e2caeb (base 15) in base 16?
a46baf
Convert -50b69 (base 14) to base 12.
-94561
What is -13a4a4 (base 12) in base 2?
-1010000010100111100
What is 1a2972 (base 13) in base 4?
2201311333
What is -1101100010100111 (base 2) in base 12?
-2811b
Convert 156c13 (base 14) to base 12.
301369
What is -3a49da (base 15) in base 7?
-32541400
-4747838 (base 10) to base 6
-245432422
-101001220211102 (base 3) to base 7
-63331031
cd5a1a (base 14) to base 11
3a2aa05
-11527061 (base 8) to base 3
-11202210022110
9ab76 (base 14) to base 6
12014100
-57484 (base 15) to base 7
-2234560
19567 (base 15) to base 10
82222
Convert -545340 (base 8) to base 3.
-100022001002
376a4 (base 11) to base 4
31031000
1516ba (base 14) to base 5
141441423
What is 308b6 (base 12) in base 11?
43786
45b256 (base 12) to base 8
4210242
Convert b359a (base 14) to base 7.
3446153
-11102010120101 (base 3) to base 2
-1000111100011110101111
-9cac (base 14) to base 5
-1332300
What is 1213626 (base 7) in base 8?
456577
What is 2676482 (base 9) in base 10?
1467875
ea9180 (base 16) to base 8
72510600
39647 (base 16) to base 6
5012155
Convert -266895 (base 12) to base 10.
-633713
33c7b8 (base 13) to base 14
23d376
What is 36a28 (base 13) in base 11?
69635
What is 192a295 (base 13) in base 2?
11111011101101010111110
Convert -736144 (base 8) to base 12.
-b9830
112436 (base 9) to base 10
67425
Convert 2300223314 (base 5) to base 2.
10011011001101110000100
Convert -23e28 (base 15) to base 7.
-655001
What is -1010100001010101110100 (base 2) in base 14?
-51b164
16522625 (base 7) to base 14
302185
What is -457d86 (base 14) in base 7?
-26050526
Convert 130360216 (base 7) to base 8.
37523520
11550131 (base 7) to base 8
3751767
Convert 12121201202 (base 3) to base 2.
11011000000010100
Convert -1001010011221 (base 3) to base 12.
-228344
194dd (base 16) to base 5
11304040
c6ba (base 15) to base 3
2010122111
What is -1000010001010000001011 (base 2) in base 10?
-2167819
32517064 (base 8) to base 11
3a42746
Convert 10110000210112 (base 3) to base 9.
3400715
Convert 81358 (base 9) to base 15.
10cc8
What is -231323302 (base 4) in base 7?
-1412350
Convert 136c9 (base 16) to base 3.
11001010201
What is -645430 (base 8) in base 15?
-43e3c
Convert 257b640 (base 12) to base 